on factor of r and 105?
21
Let u be ((-15)/(-12))/((-1)/(-4)). Let m be (-35)/(-5) + -4 - u. Let z(t) = -60*t + 5. Let g be z(m). Calculate the highest common factor of g and 25.
25
Let d be (-5 - -1)/(1/(-41)*2). Let u = -44 + d. Let f = u - 9. What is the greatest common divisor of f and 203?
29
Let h(m) = -3*m**2 + 34*m - 7. Let v be h(11). Suppose v*g = 218 - 10. Let p(f) = 6*f**2 + 2. Let z be p(2). Calculate the highest common divisor of g and z.
26
Let v = -962 - -980. Let q(i) = -37*i**3 - i - 2. Let t be q(-1). What is the greatest common divisor of t and v?
18
Suppose -2*b = 4*c + 94, 3*c - 3*b = -2*b - 83. Let h = c + 34. Suppose 0 = -4*t + h*t - 504. Calculate the highest common factor of 18 and t.
18
Let m be (3/2)/(-3*(-6)/24). Suppose 26 = 11*o + m*o. Suppose -4*a - 12 = -3*d - 3*a, o*d - 3*a = 15. What is the greatest common factor of 2 and d?
1
Suppose 5*i + 6 = 1, -5*i = -4*u + 57. Let w(l) = -3*l**2 + 40*l + 9. Let g be w(u). Calculate the highest common factor of g and 11.
11
Suppose 0 = -65*g - 71*g + 2355 + 19949. What is the greatest common divisor of g and 1189?
41
Let h be (10 - 3) + (-3 - 4). Suppose 363 + 12 = l. Suppose 4*d + i - 923 = h, 2*d - 4*i - 91 = l. What is the greatest common factor of 33 and d?
33
Let t be ((-187)/34)/(11/(-110)). Calculate the highest common factor of t and 11605.
55
Let l = 8 + -10. Let j be (-1*(l - -4))/(-1). Suppose 61 = 2*o - 5*g, 10*g + 15 = 7*g. What is the greatest common divisor of j and o?
2
Let a be -9 + 9 + (331*4 - (-8 + 6)). Calculate the highest common divisor of a and 1020.
102
Let i be (-10 - -6)*-3*24. Calculate the greatest common factor of i and 4704.
96
Let w be 2 - (-1 + 0*1/(-4)). Let z = 20 + -18. Suppose o + 1 = z, 49 = 2*m + w*o. Calculate the highest common factor of 23 and m.
23
Let u = 857 + -874. Let s(h) = h**2 + 7*h - 3. Let y be s(5). Let f = u + y. What is the highest common factor of f and 5?
5
Let x be ((2/(-25))/(7/315))/((-26)/1495). Calculate the greatest common factor of x and 2829.
69
Let i = -27 - -46. Let p(q) = q**3 - 5*q**2 + 14*q - 25. Let j be 2 + 3*(-20)/(-12). Let s be p(j). What is the highest common factor of i and s?
19
Let n(d) = 52*d**2 - 23*d + 238. Let l be n(8). Suppose -12*i + 818 = -l. Calculate the highest common divisor of 14 and i.
14
Suppose 30*l = 37*l + 1484. Let o = l + 305. Calculate the highest common divisor of 6 and o.
3
Let p(b) = b**2 + 6*b + 7. Let a be p(-6). Let i(y) = 11*y - 57. Let q be i(a). Suppose -620 - 380 = -10*c. What is the greatest common divisor of q and c?
20
Let a be 2*(-3 + 4) - -8. Let n(u) = 22*u - 196. Let i be n(23). What is the greatest common factor of i and a?
10
Suppose -4*m = -10*d + 15*d - 75, m + 5*d = 15. Suppose -m*i + 248 = -12. Calculate the greatest common divisor of 1 and i.
1
Let f = -16944 + 20480. Calculate the greatest common factor of f and 24.
8
Suppose 0 = 6*c - 1051 + 271. Calculate the highest common divisor of c and 3185.
65
Let z(s) = -435*s + 1000. Let a be z(2). Calculate the highest common factor of a and 1885.
65
Let l = 4721 - 4688. Calculate the greatest common factor of l and 5577.
33
Let t be -1 + (-112)/(-6) + (-34)/(-102). Let a be (41 + -35)/(4/t) - 3. What is the greatest common factor of 324 and a?
12
Let m be 16/3 - (4/6)/2. Suppose 0 = -m*q - 3*l + 1415, 4*l + 5 - 25 = 0. Suppose 0 = 10*x - 8*x - q. What is the highest common factor of x and 56?
28
Let t(a) = 7*a**3 - 2*a**2 + 1. Let h be t(1). Suppose 0 = 3*c + 229 + 134. Let w = c + 163. What is the greatest common factor of w and h?
6
Let p = -1793 + 2111. Calculate the greatest common factor of 6784 and p.
106
Let v(h) = 15*h**3 + h**2 - 4*h + 2. Let q(z) = -z**2 + 11*z + 127. Let t be q(18). Let u be v(t). What is the highest common factor of u and 938?
14
Let o(s) be the third derivative of s**6/120 - s**5/20 + 23*s**3/3 + 6*s**2 - 4. Let l be o(0). Calculate the highest common divisor of l and 276.
46
Let r(o) = -20*o. Let t be r(-3). Let z = 487 - 287. Let a = -176 + z. Calculate the highest common factor of a and t.
12
Let z be -2*(-2 - -5) + 2. Let g be (-213)/284 + 10/(-8) + 12. Let n be ((-4)/g)/(z/140 - 0). Calculate the greatest common factor of 7 and n.
7
Suppose 5*g + 0*w = 3*w + 146, g + 5*w - 18 = 0. Let y be (-24)/32 - 3/(48/(-124)). Calculate the greatest common divisor of y and g.
7
Let c = 614 - 613. Let i be (-5 + c)/(11/(-44)). What is the greatest common factor of i and 1?
1
Let g(f) = 3*f**2 + 2*f - 1. Let d be 15/6*6/(-5). Let z be g(d). Let q(w) = -w**2 + 20*w + 5. Let j be q(z). What is the greatest common divisor of j and 20?
5
Let d be ((-85)/10)/((-17)/510). What is the greatest common divisor of 153 and d?
51
Let i be (3 - (-114042)/38) + 20/(-190) - 7. What is the greatest common divisor of i and 111?
111
Let v(a) = a**3 + a**2 - 3. Let k be v(-2). Let o be -2*1/k + 1972/203. What is the greatest common divisor of o and 32?
2
Suppose 5*k - 3*i - 8919 = 0, -2*k + 12*i = 7*i - 3560. What is the greatest common divisor of 51 and k?
51
Let a(y) = 4*y - 61. Let u be a(5). Let h = u - -231. Calculate the highest common factor of h and 10.
10
Let t(d) = -148*d - 16544. Let j be t(-114). Calculate the greatest common divisor of 1927 and j.
41
Suppose 153*n - 5913 - 1638 = 3924. Calculate the greatest common divisor of 500 and n.
25
Let z(a) = -2*a**2 + 92*a + 4. Let n be z(46). Suppose 335 - 975 = -n*k. Calculate the highest common factor of 40 and k.
40
Suppose 60*x - 68742 = -7*x. What is the greatest common divisor of x and 108?
54
Let f = -371 - -240. Let u = -129 - f. What is the greatest common factor of u and 7?
1
Let k(s) = s**2 + 8*s - 149. Let j be k(9). Suppose 2*u + 4*y = 60, 3 = j*y + 15. What is the greatest common divisor of u and 180?
36
Let d be (-3 + 0)/((-24)/(-16)). Let p be ((-228)/133)/(d/49). What is the greatest common factor of 126 and p?
42
Suppose 4 = o - 0*o. Suppose 0 = g + 4*s - 67, 5*g - 217 = 2*g - o*s. Let u = 21031 - 21006. Calculate the highest common factor of u and g.
25
Suppose 4*w - 1565 = 483. What is the greatest common factor of 992 and w?
32
Let g = -4298 - -4330. What is the greatest common factor of 4064 and g?
32
Suppose 5*s + d - 1599 = 0, -6*s + s + 1611 = 4*d. Suppose i = 2*v + 91, s = 4*i + 7*v - 6*v. Calculate the highest common divisor of 3 and i.
3
Let p be -1 - (3 - 4) - -4 - 4. Let d be 44 + (p/4 - -4). Let b be 64/6 - 32/d. What is the greatest common factor of 90 and b?
10
Let w = -594 - -618. What is the greatest common factor of w and 564?
12
Let t be ((-3)/2)/((-6)/40*104/156). What is the greatest common factor of t and 1655?
5
Suppose -4*p - 3*f = -472, 3*f = p - 136 + 3. Suppose 10*d - 149 = p. Suppose 0 = 16*v - 25*v + d. Calculate the greatest common divisor of 57 and v.
3
Let p = 1036 - 652. Let l = p + -195. What is the greatest common divisor of 108 and l?
27
Let t(v) = -21*v - 332. Let u be t(-16). Let i(k) = 5*k**2 - 9*k + 12. Let d be i(u). Calculate the highest common divisor of d and 140.
28
Let j be (15/9)/(6/(-576))*-5. Calculate the highest common divisor of j and 880.
80
Let c(n) = -15*n + 35. Let r be c(2). Suppose -80 = r*x - 13*x. Calculate the highest common factor of x and 20.
10
Let c be 10*(-240)/100*5/(-3). Suppose -72 + c = -o. Suppose t = -n + 4*n + 38, -5*t = 2*n - 156. What is the greatest common divisor of t and o?
32
Suppose -5*z - 2016 = -m, -80*m = -84*m - 4*z + 8136. What is the highest common factor of 6 and m?
3
Let m be 554/20*-2 + 18/45. Let n = 76 + m. Suppose -i + 5*u + 27 = 0, 0 = 3*i - u - u - 120. What is the greatest common divisor of i and n?
21
Suppose -2*y + 5*y - l = 984, -y - 5*l + 344 = 0. What is the greatest common divisor of y and 7?
7
Let y be 2 - (-4)/((-4)/(-109)). Suppose 4*i - 959 = -239. Suppose i = 113*h - y*h. Calculate the highest common factor of h and 60.
30
Let q be ((-72)/(-12))/(6/4). Let w(r) = r**3 + 5*r**2 - r. Let l be w(-4). Calculate the greatest common divisor of l and q.
4
Let t = 10 - -50. Let f(n) = n**2 + 14*n - 42. Let h be f(-10). Let b = h + 97. What is the highest common factor of t and b?
15
Let v = -10967 - -12428. Calculate the greatest common factor of v and 6.
3
Let i(x) = -x**3 - 3*x**2 - 15*x - 11. Let a be i(-4). Let j be 852/(-1